{"id":122,"date":"2023-11-14T02:34:33","date_gmt":"2023-11-14T02:34:33","guid":{"rendered":"https:\/\/demo.bravisthemes.com\/ducatibox\/?page_id=122"},"modified":"2025-03-10T16:51:58","modified_gmt":"2025-03-10T13:51:58","slug":"sirket-profili","status":"publish","type":"page","link":"https:\/\/webdeol.com\/barossi\/sirket-profili\/","title":{"rendered":"\u015eirket Profili"},"content":{"rendered":"\t\t<div data-elementor-type=\"wp-page\" data-elementor-id=\"122\" class=\"elementor elementor-122\">\n\t\t\t\t        <section class=\"elementor-section elementor-top-section elementor-element elementor-element-16e0034 elementor-section-full_width bg-darklight2 elementor-section-height-default elementor-section-height-default pxl-type-header-none pxl-section-offset-none pxl-section-smoke_particles-no pxl-row-scroll-none\" data-id=\"16e0034\" data-element_type=\"section\" data-settings=\"{&quot;background_background&quot;:&quot;classic&quot;}\">\n\n                \n                <div class=\"elementor-container elementor-column-gap-extended \">\n                <div class=\"elementor-column elementor-col-100 elementor-top-column elementor-element elementor-element-695f565 pxl-column-element-default pxl-column-none\" data-id=\"695f565\" data-element_type=\"column\" data-settings=\"{&quot;background_background&quot;:&quot;classic&quot;}\">\r\n        <div class=\"elementor-widget-wrap elementor-element-populated\">\r\n                     \r\n        \t\t<div class=\"elementor-element elementor-element-989143c elementor-widget__width-auto elementor-absolute light-none e-transform elementor-widget elementor-widget-pxl_image\" data-id=\"989143c\" data-element_type=\"widget\" data-settings=\"{&quot;_position&quot;:&quot;absolute&quot;,&quot;_transform_translateX_effect&quot;:{&quot;unit&quot;:&quot;%&quot;,&quot;size&quot;:-50,&quot;sizes&quot;:[]},&quot;_transform_translateX_effect_laptop&quot;:{&quot;unit&quot;:&quot;%&quot;,&quot;size&quot;:&quot;&quot;,&quot;sizes&quot;:[]},&quot;_transform_translateX_effect_tablet_extra&quot;:{&quot;unit&quot;:&quot;%&quot;,&quot;size&quot;:&quot;&quot;,&quot;sizes&quot;:[]},&quot;_transform_translateX_effect_tablet&quot;:{&quot;unit&quot;:&quot;%&quot;,&quot;size&quot;:&quot;&quot;,&quot;sizes&quot;:[]},&quot;_transform_translateX_effect_mobile_extra&quot;:{&quot;unit&quot;:&quot;%&quot;,&quot;size&quot;:&quot;&quot;,&quot;sizes&quot;:[]},&quot;_transform_translateX_effect_mobile&quot;:{&quot;unit&quot;:&quot;%&quot;,&quot;size&quot;:&quot;&quot;,&quot;sizes&quot;:[]},&quot;_transform_translateY_effect&quot;:{&quot;unit&quot;:&quot;%&quot;,&quot;size&quot;:-50,&quot;sizes&quot;:[]},&quot;_transform_translateY_effect_laptop&quot;:{&quot;unit&quot;:&quot;%&quot;,&quot;size&quot;:&quot;&quot;,&quot;sizes&quot;:[]},&quot;_transform_translateY_effect_tablet_extra&quot;:{&quot;unit&quot;:&quot;%&quot;,&quot;size&quot;:&quot;&quot;,&quot;sizes&quot;:[]},&quot;_transform_translateY_effect_tablet&quot;:{&quot;unit&quot;:&quot;%&quot;,&quot;size&quot;:&quot;&quot;,&quot;sizes&quot;:[]},&quot;_transform_translateY_effect_mobile_extra&quot;:{&quot;unit&quot;:&quot;%&quot;,&quot;size&quot;:&quot;&quot;,&quot;sizes&quot;:[]},&quot;_transform_translateY_effect_mobile&quot;:{&quot;unit&quot;:&quot;%&quot;,&quot;size&quot;:&quot;&quot;,&quot;sizes&quot;:[]}}\" data-widget_type=\"pxl_image.default\">\n\t\t\t\t<div class=\"elementor-widget-container\">\n\t\t\t\t\t<div class=\"pxl-image-single pxl-bottom-to-top \" data-wow-delay=\"ms\">\r\n    <\/div>\t\t\t\t<\/div>\n\t\t\t\t<\/div>\n\t\t        <section class=\"elementor-section elementor-inner-section elementor-element elementor-element-d5ea8a4 elementor-section-boxed elementor-section-height-default elementor-section-height-default pxl-type-header-none pxl-section-smoke_particles-no pxl-row-scroll-none\" data-id=\"d5ea8a4\" data-element_type=\"section\">\n\n                \n                <div class=\"elementor-container elementor-column-gap-extended \">\n                <div class=\"elementor-column elementor-col-50 elementor-inner-column elementor-element elementor-element-baba73e pxl-column-element-default pxl-column-none\" data-id=\"baba73e\" data-element_type=\"column\">\r\n        <div class=\"elementor-widget-wrap elementor-element-populated\">\r\n                     \r\n        \t\t<div class=\"elementor-element elementor-element-9b6973e elementor-widget elementor-widget-pxl_banner_box\" data-id=\"9b6973e\" data-element_type=\"widget\" data-widget_type=\"pxl_banner_box.default\">\n\t\t\t\t<div class=\"elementor-widget-container\">\n\t\t\t\t\t<div class=\"pxl-banner pxl-banner2 style-1 \" data-wow-delay=\"ms\">\r\n\t<div class=\"pxl-banner-inner\">\r\n\t\t<div class=\"pxl-box-main\">\r\n\t\t\t\t\t\t\t<img fetchpriority=\"high\" decoding=\"async\" class=\"no-lazyload \" src=\"https:\/\/webdeol.com\/barossi\/wp-content\/uploads\/2025\/03\/hakkimizda-600x571.jpg\" width=\"600\" height=\"571\" alt=\"hakkimizda\" title=\"hakkimizda\" \/>\t\t\t\t\t<\/div>\r\n\t\t\t\t\t\t\t<div class=\"box-image-right\">\r\n\t\t\t\t<img decoding=\"async\" width=\"370\" height=\"246\" src=\"https:\/\/webdeol.com\/barossi\/wp-content\/uploads\/2025\/03\/home001.jpg\" class=\"no-lazyload attachment-full\" alt=\"\" srcset=\"https:\/\/webdeol.com\/barossi\/wp-content\/uploads\/2025\/03\/home001.jpg 370w, https:\/\/webdeol.com\/barossi\/wp-content\/uploads\/2025\/03\/home001-300x199.jpg 300w\" sizes=\"(max-width: 370px) 100vw, 370px\" \/>\t\t\t<\/div>\r\n\t\t\t<\/div>\r\n<\/div>\t\t\t\t<\/div>\n\t\t\t\t<\/div>\n\t\t            <\/div>\r\n        <\/div>\r\n                <div class=\"elementor-column elementor-col-50 elementor-inner-column elementor-element elementor-element-fb7fadb pxl-column-element-default pxl-column-none\" data-id=\"fb7fadb\" data-element_type=\"column\">\r\n        <div class=\"elementor-widget-wrap elementor-element-populated\">\r\n                     \r\n        \t\t<div class=\"elementor-element elementor-element-04d4d67 elementor-widget elementor-widget-pxl_heading\" data-id=\"04d4d67\" data-element_type=\"widget\" data-widget_type=\"pxl_heading.default\">\n\t\t\t\t<div class=\"elementor-widget-container\">\n\t\t\t\t\t<div id=\"pxl-pxl_heading-04d4d67-5615\" class=\"pxl-heading px-sub-title-default-style\">\n\t<div class=\"pxl-heading--inner\">\n\t\t\n\t\t\t\t\t<div class=\"pxl-item--subtitle px-sub-title-default \" data-wow-delay=\"ms\">\n\t\t\t\t<span class=\"pxl-item--subtext\">\n\t\t\t\t\t\t\t\t\t\tBizi Tan\u0131y\u0131n\t\t\t\t\t<span class=\"pxl-item--subdivider\"><\/span>\n\t\t\t\t<\/span>\n\t\t\t<\/div>\n\t\t\n\t\t<h3 class=\"pxl-item--title  \" data-wow-delay=\"ms\">\n\t\t\t\t\t\t\tSekt\u00f6rde Barossi\t\t\n\t\t\t\t\n\t\t<\/h3>\n\n\t\t\n\t\t\n\t\t\t\t\t\t\t\t\t<\/div>\n<\/div>\t\t\t\t<\/div>\n\t\t\t\t<\/div>\n\t\t\t\t<div class=\"elementor-element elementor-element-5938d13 elementor-widget elementor-widget-pxl_text_editor\" data-id=\"5938d13\" data-element_type=\"widget\" data-widget_type=\"pxl_text_editor.default\">\n\t\t\t\t<div class=\"elementor-widget-container\">\n\t\t\t\t\t<div class=\"pxl-text-editor \">\n\t<div class=\"pxl-item--inner \" data-wow-delay=\"ms\">\n\t\t<p><span><span class=\"\">De\u011fi\u015fen d\u00fcnya ko\u015fullar\u0131na uyum sa\u011flamak amac\u0131yla 2022 y\u0131l\u0131nda Barossi End\u00fcstriyel Mutfak firmas\u0131n\u0131 kurduk. 27 y\u0131ll\u0131k deneyim ve bilgi birikimimizi modern teknolojik cihazlara yans\u0131tarak kalite ve \u00fcretim anlam\u0131nda her t\u00fcrl\u00fc pazarda rekabet\u00e7i bir firma yaratmaya ba\u015flad\u0131k. \u00dcretimimiz 100 litrelik k\u00fc\u00e7\u00fck buzdolaplar\u0131ndan 2100 litrelik b\u00fcy\u00fck buzdolaplar\u0131na ve donduruculara kadar mutfak tezgahlar\u0131 ve davlumbazlar dahil olmak \u00fczere geni\u015f bir \u00fcr\u00fcn yelpazesini kapsamaktad\u0131r.<\/span><\/span><\/p><p><span>Firmam\u0131z, Pasta Te\u015fhir Buzdolaplar\u0131, Unlu Mam\u00fcller Reyonlar\u0131, \u015eark\u00fcteri Buzdolaplar\u0131, Kasap Reyonlar\u0131, Bal\u0131k Te\u015fhir Buzdolaplar\u0131, Salata Barlar\u0131, Pizza Haz\u0131rl\u0131k Buzdolaplar\u0131, Dikey ve Tezgah \u00dcst\u00fc Buzdolaplar\u0131, Komple Bar Ekipmanlar\u0131, Fast Food Pi\u015firme Cihazlar\u0131 ve end\u00fcstriyel sekt\u00f6r\u00fcn ihtiya\u00e7 duydu\u011fu daha bir\u00e7ok \u00fcr\u00fcn\u00fc \u00fcreterek sekt\u00f6rde s\u00f6z sahibi olma yolunda emin ad\u0131mlarla ilerlemeye devam etmektedir.<\/span><\/p>\t<\/div>\n<\/div>\t\t\t\t<\/div>\n\t\t\t\t<\/div>\n\t\t            <\/div>\r\n        <\/div>\r\n        \t\t\t<\/div>\n\t\t<\/section>\n\t\t            <\/div>\r\n        <\/div>\r\n        \t\t\t<\/div>\n\t\t<\/section>\n\t\t\t\t<\/div>\n\t\t","protected":false},"excerpt":{"rendered":"<p>Bizi Tan&#305;y&#305;n Sekt&ouml;rde Barossi De&#287;i&#351;en d&uuml;nya ko&#351;ullar&#305;na uyum sa&#287;lamak amac&#305;yla 2022 y&#305;l&#305;nda Barossi End&uuml;striyel Mutfak firmas&#305;n&#305; kurduk. 27 y&#305;ll&#305;k deneyim ve bilgi birikimimizi modern teknolojik cihazlara yans&#305;tarak kalite ve &uuml;retim anlam&#305;nda her t&uuml;rl&uuml; pazarda rekabet&ccedil;i bir firma yaratmaya ba&#351;lad&#305;k. &Uuml;retimimiz 100 litrelik k&uuml;&ccedil;&uuml;k buzdolaplar&#305;ndan 2100 litrelik b&uuml;y&uuml;k buzdolaplar&#305;na ve donduruculara kadar mutfak tezgahlar&#305; ve davlumbazlar [&hellip;]<\/p>\n","protected":false},"author":1,"featured_media":0,"parent":0,"menu_order":0,"comment_status":"closed","ping_status":"closed","template":"","meta":{"footnotes":""},"class_list":["post-122","page","type-page","status-publish","hentry"],"_links":{"self":[{"href":"https:\/\/webdeol.com\/barossi\/wp-json\/wp\/v2\/pages\/122","targetHints":{"allow":["GET"]}}],"collection":[{"href":"https:\/\/webdeol.com\/barossi\/wp-json\/wp\/v2\/pages"}],"about":[{"href":"https:\/\/webdeol.com\/barossi\/wp-json\/wp\/v2\/types\/page"}],"author":[{"embeddable":true,"href":"https:\/\/webdeol.com\/barossi\/wp-json\/wp\/v2\/users\/1"}],"replies":[{"embeddable":true,"href":"https:\/\/webdeol.com\/barossi\/wp-json\/wp\/v2\/comments?post=122"}],"version-history":[{"count":50,"href":"https:\/\/webdeol.com\/barossi\/wp-json\/wp\/v2\/pages\/122\/revisions"}],"predecessor-version":[{"id":10454,"href":"https:\/\/webdeol.com\/barossi\/wp-json\/wp\/v2\/pages\/122\/revisions\/10454"}],"wp:attachment":[{"href":"https:\/\/webdeol.com\/barossi\/wp-json\/wp\/v2\/media?parent=122"}],"curies":[{"name":"wp","href":"https:\/\/api.w.org\/{rel}","templated":true}]}}